702847 a prime number?
True
Is 149296643 a prime number?
True
Is 13208957 a prime number?
True
Is 360329251 a composite number?
False
Is 116789663 prime?
False
Is 15462209 composite?
True
Is 6027601 a composite number?
False
Is 829709 a composite number?
False
Is 7661509 a prime number?
False
Is 6793093 a prime number?
True
Is 97084549 composite?
False
Is 35629235 prime?
False
Is 129496481 composite?
False
Is 546099469 a composite number?
True
Is 59933 composite?
True
Is 23427527 a prime number?
True
Is 3208193 a composite number?
False
Is 9168463 composite?
False
Is 1690747 a prime number?
False
Is 2483059 a prime number?
True
Is 11340521 composite?
False
Is 962033 prime?
True
Is 14297683 a prime number?
False
Is 2873461 prime?
True
Is 2631319 a prime number?
False
Is 12560407 a composite number?
False
Is 31999849 prime?
False
Is 91715219 composite?
True
Is 2059619 a composite number?
True
Is 132780485 a prime number?
False
Is 22376011 prime?
False
Is 131097193 a composite number?
False
Is 1148249 composite?
False
Is 26489 a composite number?
False
Is 7337023 prime?
False
Is 1106531 a prime number?
True
Is 249049 a composite number?
True
Is 30181531 a prime number?
False
Is 65563 a composite number?
False
Is 14105519 composite?
False
Is 3233149 a prime number?
True
Is 92154923 a prime number?
False
Is 295591 a prime number?
True
Is 77017199 a composite number?
True
Is 15528959 composite?
False
Is 26171 composite?
False
Is 93523 a composite number?
False
Is 1956359 composite?
False
Is 3783211 a prime number?
True
Is 70875451 a prime number?
True
Is 1000619 prime?
True
Is 37339537 a prime number?
False
Is 168965603 composite?
False
Is 129533951 composite?
False
Is 11963321 composite?
True
Is 66531263 composite?
False
Is 23116895 a prime number?
False
Is 412067 a composite number?
False
Is 16721819 a prime number?
True
Is 78229 a composite number?
False
Is 1125347 a prime number?
False
Is 151403849 prime?
True
Is 121386682 composite?
True
Is 23480591 composite?
True
Is 21270887 a prime number?
False
Is 19830959 a prime number?
False
Is 71039813 prime?
False
Is 75609269 prime?
False
Is 3204853 composite?
False
Is 2531306 composite?
True
Is 23219177 a composite number?
False
Is 96241193 prime?
False
Is 155402089 prime?
True
Is 8672177 composite?
False
Is 141057593 a prime number?
True
Is 93484043 composite?
False
Is 138742 a composite number?
True
Is 43926203 a composite number?
False
Is 2587919 prime?
False
Is 275125373 a composite number?
True
Is 33817261 composite?
False
Is 2056019 prime?
False
Is 16241 a prime number?
False
Is 329209423 prime?
True
Is 15597359 composite?
False
Is 601364209 a prime number?
True
Is 292517 composite?
False
Is 9438271 a prime number?
False
Is 21208513 composite?
False
Is 1277543 composite?
False
Is 4889449 a composite number?
True
Is 279791 a prime number?
False
Is 598511 a composite number?
True
Is 29860673 composite?
False
Is 97723001 a composite number?
True
Is 24473039 composite?
False
Is 33280067 a composite number?
True
Is 14173 a composite number?
False
Is 11944441 composite?
False
Is 4529243 composite?
False
Is 6577222 prime?
False
Is 31966583 composite?
True
Is 1098887 a composite number?
True
Is 951259 a prime number?
True
Is 108647237 prime?
False
Is 135259 prime?
False
Is 85197011 a composite number?
False
Is 619057 prime?
True
Is 32576281 prime?
True
Is 4033849 composite?
False
Is 942199 a composite number?
False
Is 2373409 composite?
False
Is 281861 composite?
True
Is 290984921 composite?
False
Is 981941 composite?
False
Is 15673989 a composite number?
True
Is 2020061 prime?
False
Is 362668639 prime?
False
Is 2631817 a prime number?
True
Is 7615637 a prime number?
False
Is 835097 composite?
False
Is 99216877 a composite number?
True
Is 884473 composite?
True
Is 14827233 a prime number?
False
Is 21911671 prime?
False
Is 3412367 composite?
True
Is 586466953 composite?
True
Is 25399085 prime?
False
Is 48755974 composite?
True
Is 169144705 prime?
False
Is 970111 a prime number?
True
Is 427507417 composite?
True
Is 23798911 composite?
True
Is 14150993 a composite number?
False
Is 143753569 prime?
True
Is 131924021 a prime number?
False
Is 66293177 a composite number?
False
Is 24366439 a prime number?
True
Is 6463571 a prime number?
True
Is 280151689 a prime number?
True
Is 22756109 composite?
True
Is 76208309 composite?
False
Is 7854287 composite?
True
Is 2358101 prime?
False
Is 12309823 a composite number?
True
Is 4681013 a composite number?
True
Is 67244041 a prime number?
True
Is 7119227 prime?
True
Is 14604791 a prime number?
True
Is 7060973 prime?
True
Is 333443 composite?
True
Is 64203995 composite?
True
Is 67114279 a prime number?
True
Is 11361479 prime?
False
Is 5281489 prime?
True
Is 4965227 prime?
True
Is 1619831 a prime number?
True
Is 36379 prime?
False
Is 19346771 composite?
True
Is 21053267 prime?
True
Is 79835781 a prime number?
False
Is 3584631 composite?
True
Is 71044409 composite?
False
Is 477647323 a composite number?
True
Is 14708599 a prime number?
False
Is 3317293 a composite number?
True
Is 1709731 a prime number?
False
Is 7096315 prime?
False
Is 14742089 a prime number?
False
Is 61545793 a prime number?
True
Is 10386245 prime?
False
Is 12311351 prime?
False
Is 12589849 prime?
True
Is 1543603 prime?
False
Is 102951041 a prime number?
False
Is 10102741 composite?
True
Is 253754957 composite?
False
Is 16891879 composite?
False
Is 64247921 prime?
False
Is 20588453 a prime number?
False
Is 4575709 a composite number?
True
Is 14571545 a prime number?
False
Is 62226897 a prime number?
False
Is 5438039 a prime number?
False
Is 833285 a prime number?
False
Is 313066931 a composite number?
False
Is 5845011 a composite number?
True
Is 8141027 a composite number?
False
Is 63073 a composite number?
False
Is 7507321 composite?
True
Is 149578433 a composite number?
True
Is 38447 composite?
False
Is 3853723 a composite number?
True
Is 5048705 composite?
True
Is 102745847 a composite number?
False
Is 327845681 a prime number?
False
Is 190488709 a prime number?
False
Is 8710649 prime?
True
Is 55763 a composite number?
False
Is 380707669 a composite number?
True
Is 634729 composite?
True
Is 158518747 composite?
False
Is 26662291 a composite number?
True
Is 83086 a composite number?
True
Is 177158587 composite?
False
Is 2768041 prime?
True
Is 350280277 a prime number?
True
Is 1443653 a prime number?
True
Is 38630617 a prime number?
True
Is 13160731 a composite number?
False
Is 2760809 a composite number?
True
Is 71563 composite?
False
Is 203534909 composite?
False
Is 50445751 a prime number?
False
Is 19804637 a composite number?
False
Is 243398567 composite?
True
Is 3443927 a prime number?
True
Is 60876965 a composite number?
True
Is 4372477 composite?
False
Is 15865417 composite?
True
Is 6533239 a composite number?
False
Is 404853 a prime number?
False
Is 4845443 composite?
False
Is 2554397 a prime number?
True
Is 2193461 prime?
False
Is 164821499 composite?
False
Is 6178597 composite?
False
Is 21955093 prime?
True
Is 114192079 a composite number?
True
Is 22588589 a prime number?
True
Is 232049 prime?
True
Is 450316067 a prime number?
True
Is 17862419 prime?
True
Is 98149357 composite?
False
Is 33837 prime?
False
Is 75322547 composite?
False
Is 262579 composite?
True
Is 4767209 a prime number?
False
Is 948169 a composite number?
False
Is 2573591 composite?
False
Is 47064781 composite?
False
Is 1186357 a composite number?
True
Is 122226599 composite?
True
Is 30763493 composite?
False
Is 7870297 prime?
False
Is 59476877 a composite number?
False
Is 30133679 composite?
False
Is 39292369 a prime number?
True
Is 205620229 composite?
True
Is 3527367 a prime number?
False
Is 2558837 a composite number?
False
Is 4827307 prime?
True
Is 31577129 prime?
True
Is 53111701 prime?
True
Is 147121 a composite number?
True
Is 168122613 prime?
False
Is 255820079 a composite number?
False
Is 81180707 prime?
False
Is 23236166 composite?
True
Is 123351557 a prime number?
False
Is 99683201 a prime number?
True
Is 3149095 prime?
False
Is 147883 a prime number?
False
Is 30262613 a composite number?
True
Is 300862399 prime?
True
Is 184854077 prime?
True
Is 33501931 composite?
True
Is 3238813 prime?
False
Is 16646431 prim